{"id":4109,"date":"2022-12-12T16:48:10","date_gmt":"2022-12-12T15:48:10","guid":{"rendered":"https:\/\/zoodelpirineu.com\/animals\/corb-comu\/"},"modified":"2025-04-23T15:24:28","modified_gmt":"2025-04-23T14:24:28","slug":"corb-comu","status":"publish","type":"page","link":"https:\/\/zoodelpirineu.com\/ca\/animals\/corb-comu\/","title":{"rendered":"Corb com\u00fa"},"content":{"rendered":"\n<div class=\"wp-block-media-text alignwide is-stacked-on-mobile has-base-2-background-color has-background\"><figure class=\"wp-block-media-text__media\"><img loading=\"lazy\" decoding=\"async\" width=\"800\" height=\"600\" src=\"https:\/\/zoodelpirineu.com\/wp-content\/uploads\/2023\/01\/Cuervos-son-animales-territoriales.jpg\" alt=\"\" class=\"wp-image-344 size-full\" srcset=\"https:\/\/zoodelpirineu.com\/wp-content\/uploads\/2023\/01\/Cuervos-son-animales-territoriales.jpg 800w, https:\/\/zoodelpirineu.com\/wp-content\/uploads\/2023\/01\/Cuervos-son-animales-territoriales-300x225.jpg 300w, https:\/\/zoodelpirineu.com\/wp-content\/uploads\/2023\/01\/Cuervos-son-animales-territoriales-768x576.jpg 768w\" sizes=\"auto, (max-width: 800px) 100vw, 800px\" \/><\/figure><div class=\"wp-block-media-text__content\">\n<p>Nom com\u00fa: Corb com\u00fa<\/p>\n\n\n\n<p>Nom cient\u00edfic: <em>Corvus corax<\/em><\/p>\n\n\n\n<p>Classe: Aus<\/p>\n\n\n\n<p>Ordre: Passerifomes<\/p>\n\n\n\n<p>Fam\u00edlia: C\u00f2rvids<\/p>\n<\/div><\/div>\n\n<h2 class=\"wp-block-heading\">Grau de protecci\u00f3 del corb com\u00fa<\/h2>\n\n<p>El corb \u00e9s una esp\u00e8cie abundant sense risc d&#8217;extinci\u00f3 a nivell mundial i tamb\u00e9 estatal.<\/p>\n\n<p>A Catalunya, la seva poblaci\u00f3 va incrementant. Gr\u00e0cies a la despoblaci\u00f3 dels territoris rurals ja no est\u00e0 patint la persecuci\u00f3 per les persones de la mateixa manrea com abans. La seva poblaci\u00f3, que abans buscava refugi en entorns poc poblats dels Pirineus, avui dia va incrementant. De nou s&#8217;instal\u00b7la a territoris on fa poc era extingit.   <\/p>\n\n<h3 class=\"wp-block-heading\">Corb com\u00fa i ca\u00e7adors<\/h3>\n\n<p>A molts pa\u00efsos d&#8217;Europa, el corb com\u00fa compta entre els animals que es poden ca\u00e7ar. A Espanya la seva ca\u00e7a \u00e9s prohibida. <\/p>\n\n<h3 class=\"wp-block-heading\">Es pot tenir un corb com a mascota?<\/h3>\n\n<p>El corb \u00e9s un animal salvatge i la seva tinen\u00e7a en captivitat no est\u00e0 permesa. No obstant aix\u00f2, si \u00e9s un animal criat en captivitat, sempre complint amb els requisits legals, la seva tinen\u00e7a \u00e9s possible. <\/p>\n\n<p>Et planeges adquirir un corb? O si simplement t&#8217;interessa com s\u00f3n els corbs en captivitat, t&#8217;he preparat un article sobre aquest tema. <\/p>\n\n<div class=\"wp-block-buttons is-layout-flex wp-block-buttons-is-layout-flex\">\n<div class=\"wp-block-button\"><a class=\"wp-block-button__link wp-element-button\" style=\"border-radius:0px\">Es pot tenir un corb com a mascota?<\/a><\/div>\n<\/div>\n\n<h2 class=\"wp-block-heading\">Distribuci\u00f3<\/h2>\n\n<div class=\"wp-block-columns are-vertically-aligned-center is-layout-flex wp-container-core-columns-is-layout-9d6595d7 wp-block-columns-is-layout-flex\">\n<div class=\"wp-block-column is-vertically-aligned-center is-layout-flow wp-block-column-is-layout-flow\" style=\"flex-basis:33.33%\">\n<figure class=\"wp-block-image size-medium\"><img loading=\"lazy\" decoding=\"async\" width=\"300\" height=\"169\" src=\"https:\/\/zoodelpirineu.com\/wp-content\/uploads\/2022\/12\/Cuervo-Mapa-de-distribucion-300x169.jpg\" alt=\"Mapa de distribuci&#xF3; del corb com&#xFA;\" class=\"wp-image-176\" srcset=\"https:\/\/zoodelpirineu.com\/wp-content\/uploads\/2022\/12\/Cuervo-Mapa-de-distribucion-300x169.jpg 300w, https:\/\/zoodelpirineu.com\/wp-content\/uploads\/2022\/12\/Cuervo-Mapa-de-distribucion-1024x576.jpg 1024w, https:\/\/zoodelpirineu.com\/wp-content\/uploads\/2022\/12\/Cuervo-Mapa-de-distribucion-768x432.jpg 768w, https:\/\/zoodelpirineu.com\/wp-content\/uploads\/2022\/12\/Cuervo-Mapa-de-distribucion-1536x864.jpg 1536w, https:\/\/zoodelpirineu.com\/wp-content\/uploads\/2022\/12\/Cuervo-Mapa-de-distribucion.jpg 1600w\" sizes=\"auto, (max-width: 300px) 100vw, 300px\" \/><figcaption class=\"wp-element-caption\">Els pa\u00efsos on viu el corb com\u00fa de forma natural.<\/figcaption><\/figure>\n<\/div>\n\n\n\n<div class=\"wp-block-column is-vertically-aligned-center is-layout-flow wp-block-column-is-layout-flow\" style=\"flex-basis:66.66%\">\n<p>\u2022 El corb com\u00fa habita a tota la <strong>part nord del Planeta<\/strong>, m\u00e9s o menys.<br\/>\u2022 <strong>S&#8217;adapta<\/strong> f\u00e0cilment a climes variats, des de les zones \u00e0rtiques fins als deserts. Est\u00e0 documentat a la Muntanya Everest, a l&#8217;altitud de 6.300 m sobre el nivell del mar.<br\/>\u2022 A Catalunya es troba gaireb\u00e9 per tot arreu, la <strong>poblaci\u00f3 m\u00e9s estable viu als Pirineus<\/strong>. <\/p>\n<\/div>\n<\/div>\n","protected":false},"excerpt":{"rendered":"<p>Nom com\u00fa: Corb com\u00fa Nom cient\u00edfic: Corvus corax Classe: Aus Ordre: Passerifomes Fam\u00edlia: C\u00f2rvids Grau de protecci\u00f3 del corb com\u00fa El corb \u00e9s una esp\u00e8cie &#8230; <\/p>\n<p class=\"read-more-container\"><a title=\"Corb com\u00fa\" class=\"read-more button\" href=\"https:\/\/zoodelpirineu.com\/ca\/animals\/corb-comu\/#more-4109\" aria-label=\"M\u00e9s informaci\u00f3 sobre Corb com\u00fa\">Read more<\/a><\/p>\n","protected":false},"author":1,"featured_media":0,"parent":1958,"menu_order":0,"comment_status":"closed","ping_status":"open","template":"","meta":{"om_disable_all_campaigns":false,"_monsterinsights_skip_tracking":false,"_monsterinsights_sitenote_active":false,"_monsterinsights_sitenote_note":"","_monsterinsights_sitenote_category":0,"footnotes":""},"class_list":["post-4109","page","type-page","status-publish"],"aioseo_notices":[],"_links":{"self":[{"href":"https:\/\/zoodelpirineu.com\/ca\/wp-json\/wp\/v2\/pages\/4109","targetHints":{"allow":["GET"]}}],"collection":[{"href":"https:\/\/zoodelpirineu.com\/ca\/wp-json\/wp\/v2\/pages"}],"about":[{"href":"https:\/\/zoodelpirineu.com\/ca\/wp-json\/wp\/v2\/types\/page"}],"author":[{"embeddable":true,"href":"https:\/\/zoodelpirineu.com\/ca\/wp-json\/wp\/v2\/users\/1"}],"replies":[{"embeddable":true,"href":"https:\/\/zoodelpirineu.com\/ca\/wp-json\/wp\/v2\/comments?post=4109"}],"version-history":[{"count":1,"href":"https:\/\/zoodelpirineu.com\/ca\/wp-json\/wp\/v2\/pages\/4109\/revisions"}],"predecessor-version":[{"id":4110,"href":"https:\/\/zoodelpirineu.com\/ca\/wp-json\/wp\/v2\/pages\/4109\/revisions\/4110"}],"up":[{"embeddable":true,"href":"https:\/\/zoodelpirineu.com\/ca\/wp-json\/wp\/v2\/pages\/1958"}],"wp:attachment":[{"href":"https:\/\/zoodelpirineu.com\/ca\/wp-json\/wp\/v2\/media?parent=4109"}],"curies":[{"name":"wp","href":"https:\/\/api.w.org\/{rel}","templated":true}]}}

Corb comú

<div class="wp-block-media-text alignwide is-stacked-on-mobile has-base-2-background-color has-background"><figure class="wp-block-media-text__media"><img loading="lazy" decoding="async" width="800" height="600" src="https://zoodelpirineu.com/wp-content/uploads/2023/01/Cuervos-son-animales-territoriales.jpg" alt="" class="wp-image-344 size-full" srcset="https://zoodelpirineu.com/wp-content/uploads/2023/01/Cuervos-son-animales-territoriales.jpg 800w, https://zoodelpirineu.com/wp-content/uploads/2023/01/Cuervos-son-animales-territoriales-300x225.jpg 300w, https://zoodelpirineu.com/wp-content/uploads/2023/01/Cuervos-son-animales-territoriales-768x576.jpg 768w" sizes="auto, (max-width: 800px) 100vw, 800px" /></figure><div class="wp-block-media-text__content">
<p>Nom comú: Corb comú</p>



<p>Nom científic: <em>Corvus corax</em></p>



<p>Classe: Aus</p>



<p>Ordre: Passerifomes</p>



<p>Família: Còrvids</p>
</div></div>

<h2 class="wp-block-heading">Grau de protecció del corb comú</h2>

<p>El corb és una espècie abundant sense risc d&#8217;extinció a nivell mundial i també estatal.</p>

<p>A Catalunya, la seva població va incrementant. Gràcies a la despoblació dels territoris rurals ja no està patint la persecució per les persones de la mateixa manrea com abans. La seva població, que abans buscava refugi en entorns poc poblats dels Pirineus, avui dia va incrementant. De nou s&#8217;instal·la a territoris on fa poc era extingit.   </p>

<h3 class="wp-block-heading">Corb comú i caçadors</h3>

<p>A molts països d&#8217;Europa, el corb comú compta entre els animals que es poden caçar. A Espanya la seva caça és prohibida. </p>

<h3 class="wp-block-heading">Es pot tenir un corb com a mascota?</h3>

<p>El corb és un animal salvatge i la seva tinença en captivitat no està permesa. No obstant això, si és un animal criat en captivitat, sempre complint amb els requisits legals, la seva tinença és possible. </p>

<p>Et planeges adquirir un corb? O si simplement t&#8217;interessa com són els corbs en captivitat, t&#8217;he preparat un article sobre aquest tema. </p>

<div class="wp-block-buttons is-layout-flex wp-block-buttons-is-layout-flex">
<div class="wp-block-button"><a class="wp-block-button__link wp-element-button" style="border-radius:0px">Es pot tenir un corb com a mascota?</a></div>
</div>

<h2 class="wp-block-heading">Distribució</h2>

<div class="wp-block-columns are-vertically-aligned-center is-layout-flex wp-container-core-columns-is-layout-9d6595d7 wp-block-columns-is-layout-flex">
<div class="wp-block-column is-vertically-aligned-center is-layout-flow wp-block-column-is-layout-flow" style="flex-basis:33.33%">
<figure class="wp-block-image size-medium"><img loading="lazy" decoding="async" width="300" height="169" src="https://zoodelpirineu.com/wp-content/uploads/2022/12/Cuervo-Mapa-de-distribucion-300x169.jpg" alt="Mapa de distribuci&#xF3; del corb com&#xFA;" class="wp-image-176" srcset="https://zoodelpirineu.com/wp-content/uploads/2022/12/Cuervo-Mapa-de-distribucion-300x169.jpg 300w, https://zoodelpirineu.com/wp-content/uploads/2022/12/Cuervo-Mapa-de-distribucion-1024x576.jpg 1024w, https://zoodelpirineu.com/wp-content/uploads/2022/12/Cuervo-Mapa-de-distribucion-768x432.jpg 768w, https://zoodelpirineu.com/wp-content/uploads/2022/12/Cuervo-Mapa-de-distribucion-1536x864.jpg 1536w, https://zoodelpirineu.com/wp-content/uploads/2022/12/Cuervo-Mapa-de-distribucion.jpg 1600w" sizes="auto, (max-width: 300px) 100vw, 300px" /><figcaption class="wp-element-caption">Els països on viu el corb comú de forma natural.</figcaption></figure>
</div>



<div class="wp-block-column is-vertically-aligned-center is-layout-flow wp-block-column-is-layout-flow" style="flex-basis:66.66%">
<p>• El corb comú habita a tota la <strong>part nord del Planeta</strong>, més o menys.<br/>• <strong>S&#8217;adapta</strong> fàcilment a climes variats, des de les zones àrtiques fins als deserts. Està documentat a la Muntanya Everest, a l&#8217;altitud de 6.300 m sobre el nivell del mar.<br/>• A Catalunya es troba gairebé per tot arreu, la <strong>població més estable viu als Pirineus</strong>. </p>
</div>
</div>

<p>Nom comú: Corb comú Nom científic: Corvus corax Classe: Aus Ordre: Passerifomes Família: Còrvids Grau de protecció del corb comú El corb és una espècie &#8230; </p>
<p class="read-more-container"><a title="Corb comú" class="read-more button" href="https://zoodelpirineu.com/ca/animals/corb-comu/#more-4109" aria-label="Més informació sobre Corb comú">Read more</a></p>
